ber?
False
Is 124649 a composite number?
True
Is 115643 a composite number?
True
Is 1087 composite?
False
Is 2597189 composite?
True
Is 31377 a composite number?
True
Is 22731 composite?
True
Is 38959 a prime number?
True
Is 3277 a prime number?
False
Is 653 composite?
False
Is 110527 a composite number?
False
Is 1358687 prime?
False
Is 32729 a prime number?
False
Is 195961 prime?
False
Is 45905 prime?
False
Is 10383803 a prime number?
True
Is 44449 prime?
True
Is 6103 a prime number?
False
Is 65063 a composite number?
False
Is 24217 a prime number?
False
Is 546941 a prime number?
False
Is 31883 a prime number?
True
Is 1801 a composite number?
False
Is 24281 a composite number?
False
Is 3493 a composite number?
True
Is 59863 composite?
False
Is 47543 a prime number?
True
Is 303643 composite?
False
Is 809377 composite?
False
Is 24577 composite?
True
Is 6803 prime?
True
Is 78035 a composite number?
True
Is 983173 prime?
True
Is 1147841 a prime number?
True
Is 30467 a composite number?
False
Is 17377 a prime number?
True
Is 85469 composite?
False
Is 13323 a composite number?
True
Is 536143 a composite number?
True
Is 5627 a composite number?
True
Is 28693 prime?
False
Is 889 a composite number?
True
Is 16355 a prime number?
False
Is 81041 prime?
True
Is 353 a prime number?
True
Is 262091 prime?
False
Is 6731 prime?
False
Is 15559 prime?
True
Is 2426 prime?
False
Is 8209 a composite number?
False
Is 198241 a prime number?
True
Is 105753 composite?
True
Is 86281 prime?
False
Is 35729 composite?
False
Is 4198429 composite?
False
Is 886511 composite?
False
Is 175543 prime?
True
Is 6769 a composite number?
True
Is 12511 a prime number?
True
Is 36083 prime?
True
Is 139858 prime?
False
Is 633593 a prime number?
False
Is 175499 composite?
False
Is 11197 a prime number?
True
Is 210521 composite?
True
Is 20477 composite?
False
Is 21787 a prime number?
True
Is 10651 a prime number?
True
Is 26449 a composite number?
False
Is 777691 a prime number?
False
Is 93655 a composite number?
True
Is 11467 composite?
False
Is 193723 composite?
False
Is 26399 prime?
True
Is 20611 a composite number?
False
Is 40693 composite?
False
Is 78811 composite?
True
Is 14683 a composite number?
False
Is 531271 prime?
False
Is 323879 a prime number?
True
Is 3146487 a composite number?
True
Is 82301 a composite number?
False
Is 211 a prime number?
True
Is 193367 a prime number?
True
Is 344879 prime?
False
Is 2194 a prime number?
False
Is 63413 a prime number?
False
Is 223241 prime?
True
Is 72763 a composite number?
False
Is 1225541 a composite number?
False
Is 2015141 a prime number?
True
Is 3595 a prime number?
False
Is 19619 a composite number?
True
Is 9383 a composite number?
True
Is 22541 a prime number?
True
Is 38414 prime?
False
Is 240829 a composite number?
False
Is 7849 a composite number?
True
Is 1067 prime?
False
Is 1471 a composite number?
False
Is 884363 a prime number?
True
Is 108107 prime?
True
Is 511087 a prime number?
True
Is 12071 prime?
True
Is 72817 composite?
False
Is 145253 a prime number?
True
Is 295807 prime?
False
Is 193649 a prime number?
True
Is 2241427 composite?
False
Is 6421 composite?
False
Is 95129 a prime number?
False
Is 29813 prime?
False
Is 6901 a composite number?
True
Is 10813 a prime number?
False
Is 41669 a composite number?
False
Is 17377 composite?
False
Is 603559 a prime number?
False
Is 14171 a prime number?
False
Is 117965 a prime number?
False
Is 689081 composite?
False
Is 991 a composite number?
False
Is 997 prime?
True
Is 15989 prime?
False
Is 90499 a prime number?
True
Is 19661 composite?
False
Is 220447 prime?
True
Is 1399 prime?
True
Is 6773 a prime number?
False
Is 38113 composite?
False
Is 30307 a prime number?
True
Is 147503 prime?
True
Is 30367 prime?
True
Is 342985 a composite number?
True
Is 6319 prime?
False
Is 6779 a composite number?
False
Is 79333 a composite number?
False
Is 117217 a prime number?
False
Is 39137 a prime number?
False
Is 27247 prime?
False
Is 779761 a composite number?
False
Is 36467 a composite number?
False
Is 11587 a composite number?
False
Is 4201 a prime number?
True
Is 159893 composite?
True
Is 51007 prime?
False
Is 16151 prime?
False
Is 202549 prime?
True
Is 1257491 a composite number?
False
Is 289295 composite?
True
Is 6937 a prime number?
False
Is 40969 prime?
False
Is 2371 composite?
False
Is 28673 a prime number?
False
Is 934 a prime number?
False
Is 2743 composite?
True
Is 61833 a composite number?
True
Is 2368013 a composite number?
False
Is 978385 a composite number?
True
Is 106573 prime?
False
Is 397 composite?
False
Is 2503 a prime number?
True
Is 7829 composite?
False
Is 135743 a composite number?
False
Is 15049 a composite number?
True
Is 312847 a composite number?
True
Is 29009 prime?
True
Is 109821 a composite number?
True
Is 8923 prime?
True
Is 77443 prime?
False
Is 64151 composite?
False
Is 11099 composite?
True
Is 4756253 a composite number?
False
Is 32311 a composite number?
True
Is 2437 a prime number?
True
Is 1015661 prime?
True
Is 247739 prime?
True
Is 14519 a prime number?
True
Is 2231995 prime?
False
Is 3287 a prime number?
False
Is 174061 prime?
True
Is 1481 a prime number?
True
Is 269167 composite?
False
Is 977 composite?
False
Is 24197 a prime number?
True
Is 515161 composite?
True
Is 30579 composite?
True
Is 163283 composite?
True
Is 17021 composite?
False
Is 5639 composite?
False
Is 126353 a prime number?
False
Is 1917427 a prime number?
True
Is 338777 a prime number?
True
Is 23605 prime?
False
Is 11147 composite?
True
Is 52522 prime?
False
Is 38543 a composite number?
False
Is 370759 a prime number?
True
Is 422969 a composite number?
False
Is 2414681 composite?
False
Is 2201083 a composite number?
False
Is 13229 a composite number?
False
Is 360079 composite?
True
Is 221021 a composite number?
False
Is 2039 composite?
False
Is 11179 composite?
True
Is 508489 a composite number?
False
Is 8419 composite?
False
Is 16503 a prime number?
False
Is 148489 composite?
True
Is 8329 prime?
True
Is 32831 prime?
True
Is 100963 a prime number?
False
Is 728779 a composite number?
True
Is 92753 composite?
False
Is 4321 composite?
True
Is 1281649 a composite number?
False
Is 3163 composite?
False
Is 8329 prime?
True
Is 30539 prime?
True
Is 29769 a prime number?
False
Is 101863 a prime number?
True
Is 3299 a prime number?
True
Is 196393 composite?
True
Is 571793 a prime number?
False
Is 12773 prime?
False
Is 225683 prime?
True
Is 853477 a prime number?
True
Is 98179 prime?
True
Is 4853 composite?
True
Is 4571 prime?
False
Is 1923 prime?
False
Is 1126771 prime?
True
Is 1201327 a prime number?
True
Is 174567 prime?
False
Is 813557 a composite number?
True
Is 3403 prime?
False
Is 117723 prime?
False
Is 22054 composite?
True
Is 38273 prime?
True
Is 612743 prime?
False
Is 16487 a composite number?
False
Is 493 a composite number?
True
Is 14971 a prime number?
False
Is 2217223 prime?
False
Is 479 a prime number?
True
Is 122979 a composite number?
True
Is 2866 a prime number?
False
Is 1041 a composite number?
True
Is 553 a composite number?
True
Is 97241 composite?
False
Is 180119 composite?
True
Is 10753 prime?
True
Is 41201 composite?
False
Is 636043 a composite number?
False
Is 2333 prime?
True
Is 19835 a composite number?
True
Is 11499 a composite number?
True
Is 235327 prime?
False
Is 106793 a prime number?
False
Is 133841 composite?
True
Is 77563 prime?
True
Is 1893 composite?
True
Is 995281 prime?
False
Is 2627 prime?
False
Is 5197 a composite number?
False
Is 374207 prime?
False
Is 5111 prime?
False
Is 156577 a prime number?
True
Is 11801 a composite number?
False
Is 684865 a prime number?
False
Is 10646 prime?
False
Is 1777 prime?
True
Is 1507 a composite number?
True
Is 422 composite?
True
Is 3943 a composite number?
False
Is 101411 a composite number?
False
Is 36629 prime?
True
Is 67349 prime?
True
Is 100091 a composite number?
True
Is 406621 prime?
False
Is 647 a prime number?
True
Is 79579 prime?
True
Is 42509 a composite number?
False
Is 456007 prime?
True
Is 26342 a prime number?
False
Is 257783 composite?
False
Is 3106459 a composite number?
False
Is 9987 a composite number?
True
Is 380447 a composite number?
False
Is 768541 prime?
True
Is 12723 prime?
False
Is 287821 composite